2?
True
Is 33 a factor of 1749?
True
Does 27 divide 1080?
True
Is 2899 a multiple of 13?
True
Does 136 divide 71635?
False
Is 7104 a multiple of 37?
True
Does 29 divide 868?
False
Does 14 divide 116956?
True
Is 494 a multiple of 38?
True
Is 518 a multiple of 7?
True
Is 31 a factor of 930?
True
Is 5837 a multiple of 25?
False
Is 2 a factor of 123?
False
Is 688 a multiple of 16?
True
Is 20135 a multiple of 21?
False
Does 172 divide 71459?
False
Is 4290 a multiple of 30?
True
Does 21 divide 1686?
False
Is 5 a factor of 280?
True
Is 6 a factor of 881?
False
Does 45 divide 7605?
True
Is 6223 a multiple of 22?
False
Does 5 divide 13?
False
Does 6 divide 442?
False
Does 55 divide 1375?
True
Does 59 divide 792?
False
Does 55 divide 33825?
True
Is 3 a factor of 91?
False
Is 4248 a multiple of 6?
True
Is 8 a factor of 128?
True
Is 2725 a multiple of 14?
False
Does 13 divide 5122?
True
Is 667 a multiple of 23?
True
Does 130 divide 68225?
False
Does 5 divide 315?
True
Is 94722 a multiple of 48?
False
Is 9959 a multiple of 23?
True
Is 2343 a multiple of 33?
True
Does 11 divide 8250?
True
Is 15458 a multiple of 118?
True
Is 21 a factor of 11739?
True
Is 178 a multiple of 25?
False
Is 610 a multiple of 5?
True
Is 14 a factor of 1595?
False
Does 24 divide 3312?
True
Does 13 divide 51357?
False
Is 21 a factor of 126?
True
Is 197 a factor of 24288?
False
Does 34 divide 1198?
False
Does 9 divide 1368?
True
Is 49 a factor of 171304?
True
Is 1147 a multiple of 4?
False
Does 6 divide 11957?
False
Is 27 a factor of 1350?
True
Is 13 a factor of 1596?
False
Does 27 divide 18090?
True
Does 59 divide 8024?
True
Is 3542 a multiple of 11?
True
Is 75 a factor of 678?
False
Does 29 divide 39798?
False
Is 41 a factor of 193?
False
Is 5 a factor of 1498?
False
Is 1340 a multiple of 4?
True
Does 5 divide 8522?
False
Is 46052 a multiple of 58?
True
Is 1925 a multiple of 55?
True
Is 123 a factor of 32018?
False
Does 120 divide 1920?
True
Is 50 a factor of 12650?
True
Does 7 divide 98?
True
Is 19227 a multiple of 93?
False
Does 28 divide 907?
False
Is 43 a factor of 704?
False
Is 103 a factor of 19364?
True
Is 55161 a multiple of 22?
False
Is 35204 a multiple of 355?
False
Does 25 divide 386?
False
Does 4 divide 220?
True
Does 11 divide 150936?
False
Is 202 a multiple of 2?
True
Does 9 divide 12045?
False
Does 135 divide 4455?
True
Does 4 divide 3580?
True
Is 25 a factor of 436?
False
Does 43 divide 68585?
True
Is 21 a factor of 3423?
True
Is 44 a factor of 220?
True
Is 234 a multiple of 6?
True
Is 18 a factor of 913?
False
Is 26 a factor of 47528?
True
Is 960 a multiple of 10?
True
Is 25 a factor of 8600?
True
Does 138 divide 52026?
True
Does 4 divide 289?
False
Is 16 a factor of 821?
False
Is 43 a factor of 4174?
False
Is 735 a multiple of 35?
True
Does 32 divide 2016?
True
Is 10 a factor of 22341?
False
Is 156 a factor of 10234?
False
Is 41 a factor of 861?
True
Is 28 a factor of 2324?
True
Is 13 a factor of 377?
True
Is 18 a factor of 541?
False
Does 50 divide 34000?
True
Is 448 a multiple of 14?
True
Does 48 divide 1392?
True
Is 2 a factor of 22?
True
Does 8 divide 3990?
False
Does 5 divide 290?
True
Is 16 a factor of 22288?
True
Is 10 a factor of 230?
True
Is 53640 a multiple of 45?
True
Does 100 divide 78100?
True
Is 16 a factor of 85216?
True
Does 207 divide 107959?
False
Is 250 a factor of 23305?
False
Does 42 divide 1344?
True
Does 63 divide 1221?
False
Is 37 a factor of 481?
True
Is 8 a factor of 1276?
False
Does 16 divide 13008?
True
Is 27554 a multiple of 21?
False
Is 6 a factor of 9360?
True
Is 45 a factor of 2092?
False
Is 808 a multiple of 9?
False
Does 13 divide 780?
True
Is 97 a factor of 4944?
False
Does 4 divide 756?
True
Is 130 a factor of 44676?
False
Is 2789 a multiple of 29?
False
Is 2520 a multiple of 20?
True
Does 51 divide 66504?
True
Does 47 divide 987?
True
Is 1326 even?
True
Is 4 a factor of 4969?
False
Is 8316 a multiple of 14?
True
Is 36 a multiple of 12?
True
Is 3 a factor of 16?
False
Is 237 a multiple of 9?
False
Is 36 a factor of 8064?
True
Is 5875 a multiple of 79?
False
Is 11423 a multiple of 15?
False
Is 186 a multiple of 4?
False
Is 62 a factor of 2295?
False
Does 77 divide 7161?
True
Is 160398 a multiple of 201?
True
Is 234 a multiple of 78?
True
Does 4 divide 199?
False
Does 11 divide 50?
False
Does 28 divide 56?
True
Does 16 divide 8345?
False
Does 11 divide 482?
False
Does 11 divide 1265?
True
Is 28743 a multiple of 137?
False
Does 126 divide 15246?
True
Does 18 divide 96858?
True
Does 30 divide 1145?
False
Is 1770 a multiple of 7?
False
Is 18 a factor of 1944?
True
Does 9 divide 36?
True
Is 104 a factor of 1560?
True
Is 17 a factor of 14931?
False
Is 5 a factor of 271?
False
Is 103 a factor of 5356?
True
Is 32416 a multiple of 37?
False
Is 66888 a multiple of 15?
False
Is 234 a multiple of 18?
True
Is 25627 a multiple of 49?
True
Does 20 divide 7220?
True
Does 39 divide 26715?
True
Is 11391 a multiple of 8?
False
Does 96 divide 117988?
False
Is 910 a multiple of 91?
True
Is 20 a factor of 1222?
False
Is 19 a factor of 342?
True
Is 644 a multiple of 3?
False
Does 11 divide 15125?
True
Is 7392 a multiple of 84?
True
Is 8 a factor of 152?
True
Is 63245 a multiple of 13?
True
Is 660 a multiple of 22?
True
Is 27 a factor of 5687?
False
Is 33670 a multiple of 37?
True
Is 2444 a multiple of 52?
True
Is 942 a multiple of 45?
False
Is 1186 a multiple of 44?
False
Is 1534 a multiple of 17?
False
Does 2 divide 56?
True
Is 19032 a multiple of 52?
True
Is 163 a factor of 55087?
False
Is 15 a factor of 780?
True
Is 209 a factor of 50447?
False
Is 14 a factor of 286?
False
Is 37 a factor of 333?
True
Does 29 divide 1044?
True
Does 5 divide 3250?
True
Does 27 divide 127710?
True
Is 6 a factor of 4812?
True
Does 14 divide 32544?
False
Does 9 divide 396?
True
Is 41 a factor of 6563?
False
Is 13 a factor of 8515?
True
Is 18 a factor of 418?
False
Is 20 a factor of 786?
False
Is 1287 a multiple of 33?
True
Is 20 a factor of 1086?
False
Is 4232 a multiple of 48?
False
Does 36 divide 2376?
True
Is 5 a factor of 1460?
True
Is 24 a multiple of 8?
True
Is 1312 a multiple of 82?
True
Does 221 divide 24710?
False
Is 827 a multiple of 6?
False
Does 6 divide 2052?
True
Is 21 a factor of 4116?
True
Does 6 divide 1224?
True
Does 9 divide 2444?
False
Is 26 a multiple of 13?
True
Is 11 a factor of 229?
False
Is 18615 a multiple of 198?
False
Does 29 divide 9715?
True
Is 2628 a multiple of 10?
False
Is 4 a factor of 180?
True
Is 52 a factor of 1244?
False
Is 32 a factor of 352?
True
Does 164 divide 14198?
False
Is 29040 a multiple of 16?
True
Is 19 a factor of 6258?
False
Does 17 divide 187?
True
Is 663 a multiple of 51?
True
Does 11 divide 8102?
False
Is 2702 a multiple of 14?
True
Does 12 divide 996?
True
Is 2844 a multiple of 9?
True
Is 7990 a multiple of 85?
True
Is 38 a factor of 2112?
False
Is 282 a multiple of 3?
True
Is 96 a factor of 35040?
True
Is 5 a factor of 455?
True
Does 13 divide 1923?
False
Does 3 divide 60?
True
Does 119 divide 48076?
True
Is 33 a factor of 26334?
True
Is 613 a multiple of 7?
False
Does 49 divide 1323?
True
Does 126 divide 62118?
True
Does 14 divide 64?
False
Is 129 a factor of 12602?
False
Is 3953 a multiple of 16?
False
Does 14 divide 1610?
True
Does 40 divide 1501?
False
Does 5 divide 2039?
False
Is 9 a factor of 16867?
False
Does 20 divide 280?
True
Does 44 divide 3283?
False
Is 3621 a multiple of 17?
True
Is 86103 a multiple of 209?
False
Is 116 a factor of 60778?
False
Is 101 a factor of 5224?
False
Does 16 divide 5288?
False
Is 132 a multiple of 43?
False
Is 1064 a multiple of 70?
False
Is 9347 a multiple of 5?
False
Is 19 a factor of 2698?
True
Does 12 divide 12972?
True
Does 57 divide 5073?
True
Is 700 a multiple of 22?
False
Does 18 divide 2474?
False
Does 30 divide 285?
False
Does 16 divide 145279?
False
Is 16 a factor of 522?
False
Is 20 a factor of 49746?
False
Is 62 a factor of 9183?
False
Is 6972 a multiple of 24?
False
Is 45 a multiple of 5?
True
Does 51 divide 190?
False
Does 4 divide 697?
False
Is 43 a factor of 172?
True
Does 185 divide 7650?
False
Does 45 divide 90?
True
Is 206 a factor of 17510?
True
Is 90 a factor of 540?
True
Is 5 a factor of 295?
True
Is 38488 a multiple of 68?
True
Is 31 a factor of 8848?